o - 17. Is i(z) a composite number?
False
Let d = -5331 + 2310. Let m = d + 6334. Is m composite?
False
Let i(n) = 152*n**2 - 8*n - 1591. Is i(-51) prime?
True
Let l(f) = 133*f**2 - f - 10 - 9*f + 33*f**2 + 37*f**2. Is l(-7) a prime number?
True
Let p be (4/(-12) - -2)*-9. Let o be (-1)/((p/9)/5). Suppose 5*u + 3151 = 2*b, 25 = -o*u - 2*u. Is b a composite number?
True
Suppose 5*y - w = 19776, y + 5*w = w + 3951. Suppose 82*q = 89*q - y. Is q prime?
False
Is -29*(-2)/232 + (-5280273)/(-12) prime?
True
Is (908848/20 - 6)/((-4)/(-10)) composite?
False
Let z(a) = -9*a - 43. Let d be z(-6). Suppose -d = -n - 10. Is (n/2*1)/((-6)/(-612)) prime?
False
Let g(h) = -31*h - 45. Let b(u) be the third derivative of 2*u**4/3 + 23*u**3/6 - 23*u**2. Let f(v) = -5*b(v) - 3*g(v). Is f(5) composite?
True
Let o(h) = 1094*h - 341. Let g = -540 + 573. Is o(g) a prime number?
False
Suppose 2 = -11*r + 2. Suppose r = 16*d + 56615 - 169687. Is d composite?
True
Suppose -5*l - v = -l - 72988, -3*l = v - 54742. Suppose -3*g = -3*d - l, 0 = -4*g + 3*g + 2*d + 6078. Suppose -1984 - g = -6*s. Is s a prime number?
False
Suppose k + 2*m = 29, -2*k - 10*m + 60 = -5*m. Suppose k*u = 31*u - 22098. Is u prime?
False
Let l(w) = -78*w**2 + 11*w - 37. Let p be l(-11). Let m = p + 13587. Is m composite?
True
Suppose 35*v = 26 + 79. Suppose -5 = -5*o + 4*x + 14, 2*o + 2*x = 4. Suppose z = v*i + o*z - 579, -179 = -i + 4*z. Is i prime?
True
Let s be -74*(-3)/30 + (-44)/110. Suppose -s*y = -15531 + 320. Is y a composite number?
True
Suppose -9*h + 13 = -5. Let q(m) = -7*m - 1 - h - 61*m + 14. Is q(-10) a prime number?
True
Suppose x + 8834 = -4*g, -5*x - 6 = 4. Let b = 5227 + g. Is b a composite number?
False
Let l(s) be the first derivative of 107*s**5/20 + s**4/8 + s**3/6 + 17*s**2/2 - 9. Let d(c) be the second derivative of l(c). Is d(3) prime?
False
Let m(o) = -59*o**2 + 49*o + 2. Let r(u) = -59*u**2 + 49*u + 2. Let a(h) = -5*m(h) + 4*r(h). Is a(3) a prime number?
False
Let p = -469883 + 1353978. Is p a prime number?
False
Suppose 3*r + 5 = 4*r. Let u(v) = -273*v + 102. Let w be u(-8). Suppose -r*x = 4*x - w. Is x prime?
False
Suppose -59 + 62 = -3*h. Let g be (h - (-2596)/(-8))*12/(-9). Let d = -303 + g. Is d a prime number?
True
Suppose -3*a + 5 = -2*a. Suppose -k - 3354 = -a*k + 5*b, -8 = -4*b. Let f = k - 354. Is f composite?
False
Suppose 2 + 2 = c - p, -3*p = -6. Let x be (0 + -474)*(-39)/c. Suppose i + 4*t - 619 = 0, 98 = 5*i - t - x. Is i a prime number?
False
Suppose -5*n = 9*n - 3*n - 2497033. Is n a composite number?
True
Let a(q) = -3*q - 17. Let x be a(-7). Let b be 38/x + (-4)/8. Is b/6*(-424)/(-4) prime?
False
Let c = -26836 + 2326. Let f = c - -36793. Is f a composite number?
True
Suppose -133119 - 37153 = -17*p. Let t(w) = w**3. Let q be t(0). Suppose 10 = -5*s, q = 4*r - 3*s + s - p. Is r composite?
False
Suppose 0 = -3*k + 2*p + 661, -3*k + 5*p + 424 = -252. Suppose -4*y + 26 = 2*j, 5*y - 22 - 7 = j. Suppose k = y*z + z. Is z a composite number?
False
Suppose 31 - 15 = 2*i. Suppose -87*t = -91*t - i. Is ((-4)/8)/(t + (-7980)/(-3992)) a composite number?
False
Let w be (-207)/63 - 2/(-7). Let b(y) = -258*y**3 - 5*y**2 - 10*y - 4. Is b(w) composite?
False
Let m(z) = 3014*z + 65. Let y be m(5). Suppose 0 = 28*s - 13*s - y. Is s composite?
False
Let l(n) = 4637*n**2 + 3*n + 5. Let o = 70 - 72. Let i be l(o). Suppose -r + i = 5*a - 5*r, -3*a + 4*r + 11133 = 0. Is a prime?
False
Suppose -18232856 + 15364663 = -391*r + 49194630. Is r prime?
True
Let o(p) = 1213*p + 329. Let t be o(23). Is (t/(-16))/((-8)/32) a composite number?
False
Let p(y) = 434*y - 1103. Is p(6) composite?
True
Suppose 0 = j + 25 - 56. Suppose j*l - 563 - 2196 = 0. Is l a prime number?
True
Let b(m) be the first derivative of 8*m**3 + m**2 + 13*m - 29. Is b(-6) composite?
True
Let o = 19 + -17. Let w(g) = -g**2 + 5*g - 1. Let p be w(o). Suppose -5*z + 872 = -4*k - 3773, -4*z - p*k + 3757 = 0. Is z a prime number?
False
Suppose -19*g = -70379 - 5279. Let n = g - -157. Is n prime?
True
Suppose -r + 2 = o + 4*r, -o = -3*r + 6. Is 2*(-11967)/18*o a composite number?
False
Let g(h) = 347*h**2 + 113*h - 1899. Is g(16) a composite number?
False
Let h(w) = 14371*w**2 - 2. Suppose -42*x = -40*x + 2. Is h(x) a composite number?
False
Is (708219/(-6) + 0)*(-96)/72 a prime number?
False
Suppose 0 = -696*o + 689*o - 6209. Is o/(5/110*-2) a prime number?
False
Suppose -9*t - 28121 = -m - 4*t, -4*m + 3*t + 112552 = 0. Is m a composite number?
True
Let s(n) be the second derivative of -67*n**6/360 - 49*n**5/120 - 3*n**4/2 - 3*n. Let g(b) be the third derivative of s(b). Is g(-12) prime?
True
Suppose -3*w = 3*w. Suppose 0*z + 5*z - 7940 = w. Suppose 9*j = 5*j + z. Is j a prime number?
True
Let p(c) = 2*c**2 - 17*c + 11. Let k be p(8). Is (1 - 2)*k - (-3 - 295) a prime number?
False
Suppose 684 - 34 = 10*p. Let g = p + -50. Suppose -3*l + 4*f + 37 = 0, 4*l - f - g - 43 = 0. Is l composite?
True
Suppose 4*b - 6*p - 16650 - 6164 = 0, -4*b + 5*p = -22819. Is b prime?
True
Suppose 7 = 2*m - d, 4*m = -m - 5*d + 10. Let k(t) = 3*t**3 - 2*t - 7 + 5*t**2 + 3*t - 3*t - 4*t**m. Is k(-5) prime?
False
Let b = -2723 + 1186. Let u = -1174 + 314. Let d = u - b. Is d a composite number?
False
Let w(v) = 152*v**2 + 37*v + 24. Let h be w(-10). Suppose -2*t = -16*t + h. Is t prime?
True
Is 15361 + 2/(-5)*(11 - 6) a prime number?
True
Let w(i) = i**2 - 5*i - 11. Let x be w(7). Suppose -1 = -h - 3*l, -8*l + 3*l + x = 3*h. Let v(u) = 628*u + 3. Is v(h) a prime number?
True
Let a(f) = -10*f**2 - 2*f**3 - 41 - 2*f**3 + 4*f**2 + 3*f**3 + 24*f. Is a(-18) composite?
True
Suppose 10*x + 24 = -16. Let l(m) = 233*m**3 + 6*m - 6. Let s(j) = -233*j**3 + j**2 - 7*j + 7. Let f(b) = x*l(b) - 3*s(b). Is f(-2) a prime number?
True
Let v(j) = -6*j**3 + j**2 + 5*j - 15. Let n be v(6). Let o = 9303 + n. Suppose 5*d = -d + o. Is d a composite number?
True
Let i be (-3)/2*10/3. Let z = i - 4. Is (508/(-6))/(6/z + 0) a prime number?
True
Suppose 6*q - 4*q - 11510 = 0. Let d = q - 3464. Suppose -4*r - 879 = -d. Is r prime?
True
Suppose -5*r - 4*n + 111085 = 0, -17*r = -16*r + 3*n - 22217. Is r composite?
True
Let i = 956244 + -556673. Is i composite?
False
Suppose -5*c - 6*o = -455147, 54*c - 4*o - 91019 = 53*c. Is c a prime number?
False
Suppose 11*j - 14 - 52 = 0. Suppose 9*q - 7*q - j = 0. Suppose h + q*h = -n + 91, 0 = -2*n - 4*h + 178. Is n a prime number?
False
Suppose -444*s + 369017 = -433*s. Is s prime?
True
Let z(q) = -q**2 + 19*q**2 + 12*q**2 + 5*q - 71 + 5*q**2 + q**3. Is z(-28) a prime number?
False
Suppose -2*y = -5*c + 3*y - 10, 2*y = 3*c + 4. Suppose 5*w = -4*i - i + 2825, -2*w + 4 = c. Is i composite?
False
Let j(h) = 1051*h**2 + 64*h - 340. Is j(19) composite?
False
Let p = -95 - -74. Let m(i) = i + 17. Let s be m(p). Is s/((-16)/9852)*2/6 a composite number?
False
Let t(y) = -y - 5. Let p be t(-4). Let a(i) be the third derivative of -32*i**6/15 - i**5/60 - i**4/8 - i**3/6 + 2*i**2 - 6*i. Is a(p) composite?
False
Let w be 1/5 + (-8)/(-10) - -7. Suppose 4829 + 4107 = w*p. Is p a composite number?
False
Suppose 2*c - 2*i = -3*c + 377, 3*c + 3*i = 222. Suppose -70*m - 16495 = -c*m. Is m prime?
True
Let k(w) = 466*w**2 + 72*w + 733. Is k(-9) a composite number?
False
Let r be 2 + 33/(-12) - 510/(-40). Suppose z = 2*z - r. Is (-3074)/(-12) + 1 + (-2)/z prime?
True
Let a(x) = -11*x - 55. Let y be a(-5). Suppose -4*v = -0*v + 8, y = -3*j - 3*v + 2328. Is j a composite number?
True
Let d(x) = 42*x + 212. Let o be d(-5). Suppose 0 = -5*c + 8*c - t - 46668, -3*c = o*t - 46677. Is c composite?
True
Suppose 0 = -5*r - z + 23137, -1243 = -r - z + 3382. Let c = r + -2863. Is c composite?
True
Let h = 24 + -22. Suppose 2*m = -5*l + 114, h*l - 32 - 22 = 2*m. Suppose 22*w + 298 = l*w. Is w a composite number?
False
Suppose -22*c + 220 = -17*c. Suppose 371 = c*f - 43*f. Is f a prime number?
False
Let p = 2968454 - 2038243. Is p a prime number?
True
Let r(p) = p**3 + 33*p**2 + 62*p - 69. Is r(-20) a composite number?
True
Let h(c) = 4*c**3 - 5*c**2 - 4*c - 31. Let t(l) = 3*l**3 - 6*l**2 - 3*l - 31. Let b(p) = -4*h(p) + 5*t(p). Is b(-11) prime?
True
Let x = 108 - 107. Is (-1)/(((-4)/(x - 53))/(-277)) prime?
False
Suppose -25 = -5*a + 5. Suppose -a = -27*o 